s the greatest common divisor of 39 and 1469?
13
What is the greatest common divisor of 19 and 19?
19
Calculate the greatest common divisor of 102 and 3.
3
Calculate the greatest common divisor of 92 and 322.
46
Calculate the highest common divisor of 102 and 544.
34
Calculate the highest common divisor of 1785 and 30.
15
Calculate the greatest common factor of 14336 and 28.
28
Calculate the greatest common divisor of 167 and 3.
1
What is the greatest common divisor of 2640 and 55?
55
Calculate the highest common factor of 34 and 47277.
17
What is the greatest common divisor of 1 and 74?
1
What is the greatest common factor of 45 and 81?
9
What is the greatest common divisor of 8655 and 75?
15
What is the highest common factor of 352 and 2992?
176
What is the greatest common factor of 90 and 120?
30
Calculate the greatest common factor of 5 and 835.
5
Calculate the greatest common divisor of 117936 and 28.
28
Calculate the highest common factor of 16591 and 47.
47
Calculate the highest common factor of 700 and 56.
28
Calculate the greatest common divisor of 548 and 28.
4
Calculate the greatest common divisor of 8 and 296.
8
What is the greatest common factor of 1664 and 13?
13
What is the greatest common factor of 1624 and 203?
203
Calculate the highest common divisor of 350 and 686.
14
What is the greatest common factor of 48 and 80?
16
Calculate the greatest common factor of 486 and 27.
27
Calculate the greatest common divisor of 8 and 50.
2
What is the greatest common factor of 1734 and 6?
6
What is the greatest common divisor of 15 and 195?
15
Calculate the highest common divisor of 22 and 4.
2
What is the highest common factor of 2625 and 42?
21
Calculate the greatest common divisor of 187 and 11.
11
Calculate the highest common divisor of 12557 and 58.
29
What is the highest common divisor of 1728 and 108?
108
Calculate the highest common factor of 9 and 24.
3
Calculate the highest common divisor of 975 and 6.
3
Calculate the highest common divisor of 962 and 74.
74
Calculate the greatest common factor of 17 and 187.
17
What is the highest common factor of 117 and 156?
39
What is the greatest common factor of 112 and 6888?
56
Calculate the greatest common factor of 42 and 56.
14
Calculate the greatest common factor of 62 and 496.
62
Calculate the highest common factor of 29 and 928.
29
Calculate the greatest common factor of 902 and 22.
22
What is the highest common factor of 42 and 182?
14
Calculate the greatest common divisor of 15 and 675.
15
What is the greatest common divisor of 36 and 7200?
36
Calculate the greatest common factor of 288 and 315.
9
Calculate the highest common factor of 820 and 4.
4
Calculate the highest common factor of 245 and 30.
5
What is the greatest common factor of 2560 and 1728?
64
Calculate the highest common divisor of 131214 and 38.
38
What is the greatest common factor of 120 and 80?
40
Calculate the highest common factor of 81 and 1647.
27
What is the highest common factor of 441 and 27?
9
Calculate the greatest common divisor of 165 and 4983.
33
What is the highest common divisor of 36 and 600?
12
Calculate the greatest common factor of 141 and 97431.
141
What is the greatest common divisor of 188 and 4?
4
What is the greatest common divisor of 37086 and 42?
42
What is the highest common divisor of 15554 and 101?
101
What is the highest common factor of 4743 and 31?
31
What is the highest common divisor of 88 and 64?
8
Calculate the greatest common factor of 10191 and 237.
237
What is the highest common factor of 2303 and 47?
47
Calculate the highest common factor of 12 and 8.
4
Calculate the highest common factor of 297 and 1265.
11
Calculate the highest common divisor of 105 and 135.
15
What is the highest common factor of 1196 and 184?
92
What is the highest common divisor of 14 and 966?
14
Calculate the greatest common factor of 1634 and 304.
38
What is the greatest common factor of 406 and 56?
14
Calculate the greatest common factor of 1848 and 32.
8
Calculate the highest common divisor of 5089 and 7.
7
Calculate the greatest common factor of 112 and 427.
7
Calculate the greatest common factor of 1479 and 102.
51
Calculate the highest common factor of 8 and 96.
8
What is the greatest common divisor of 28 and 826?
14
Calculate the greatest common divisor of 86 and 2.
2
What is the greatest common divisor of 152 and 5966?
38
Calculate the highest common divisor of 782 and 230.
46
What is the highest common factor of 40 and 64?
8
Calculate the highest common factor of 4130 and 560.
70
What is the greatest common factor of 24 and 104?
8
Calculate the highest common divisor of 2635 and 310.
155
Calculate the greatest common divisor of 64 and 1856.
64
Calculate the greatest common factor of 38 and 817.
19
What is the greatest common factor of 5028 and 12?
12
Calculate the greatest common factor of 10880 and 170.
170
Calculate the highest common factor of 78 and 273.
39
Calculate the greatest common divisor of 10296 and 2178.
198
What is the highest common divisor of 322 and 21?
7
What is the highest common factor of 756 and 28?
28
Calculate the highest common factor of 160 and 20.
20
What is the greatest common factor of 3140 and 40?
20
Calculate the greatest common divisor of 781 and 11.
11
Calculate the highest common divisor of 1309 and 833.
119
Calculate the highest common divisor of 533 and 143.
13
Calculate the greatest common factor of 795 and 15.
15
What is the greatest common factor of 7 and 63?
7
Calculate the highest common divisor of 1534 and 472.
118
Calculate the highest common divisor of 189 and 7287.
21
Calculate the highest common divisor of 72 and 60.
12
Calculate the greatest common divisor of 22528 and 528.
176
Calculate the highest common factor of 247 and 13.
13
Calculate the highest common divisor of 126 and 112.
14
What is the greatest common factor of 2585 and 5875?
235
What is the greatest common divisor of 1218 and 522?
174
What is the highest common divisor of 80 and 50?
10
What is the greatest common factor of 1050 and 625?
25
What is the highest common divisor of 322 and 4370?
46
Calculate the highest common divisor of 584 and 1387.
73
What is the greatest common divisor of 234 and 198?
18
What is the greatest common factor of 175 and 100?
25
Calculate the greatest common factor of 28 and 1750.
14
Calculate the greatest common factor of 26 and 22.
2
Calculate the greatest common divisor of 1998 and 10878.
222
Calculate the highest common factor of 418 and 760.
38
Calculate the highest common factor of 9597 and 168.
21
Calculate the greatest common factor of 27 and 10.
1
Calculate the highest common divisor of 546 and 70.
14
Calculate the greatest common divisor of 358 and 4.
2
What is the greatest common divisor of 69 and 552?
69
What is the greatest common factor of 756 and 28?
28
Calculate the greatest common divisor of 555 and 15.
15
What is the greatest common divisor of 62 and 22258?
62
What is the greatest common divisor of 2093 and 91?
91
What is the highest common divisor of 2130 and 390?
30
What is the greatest common divisor of 164 and 8?
4
What is the highest common divisor of 205 and 34030?
205
Calculate the greatest common factor of 140 and 56.
28
What is the highest common divisor of 1536 and 496?
16
What is the highest common divisor of 96 and 624?
48
What is the greatest common divisor of 9 and 171?
9
What is the greatest common factor of 167 and 2171?
167
What is the greatest common factor of 810 and 210?
30
Calculate the greatest common factor of 2838 and 66.
66
Calculate the highest common factor of 51 and 68.
17
Calculate the highest common divisor of 27 and 135.
27
What is the highest common divisor of 29 and 3161?
29
Calculate the greatest common divisor of 160 and 335.
5
What is the highest common factor of 11296 and 2?
2
Calculate the greatest common factor of 25 and 4475.
25
Calculate the highest common factor of 145 and 29.
29
What is the greatest common factor of 201 and 12?
3
What is the highest common factor of 1012 and 88?
44
Calculate the greatest common factor of 7 and 12544.
7
What is the greatest common factor of 7 and 2100?
7
What is the highest common factor of 78 and 39?
39
What is the highest common divisor of 1363 and 319?
29
Calc